the greatest common factor of 13 and f?
13
Let k = 0 + -4. Let g(f) = 3*f**2 - f - 4. Let r be g(k). Calculate the highest common factor of r and 12.
12
Let t = -64 - -108. What is the greatest common factor of t and 11?
11
Let z = 63 + -55. Calculate the greatest common divisor of z and 56.
8
Suppose -6*g + 102 = -48. What is the greatest common factor of g and 25?
25
Let x(v) = -17*v**2 - 2*v + 1. Let w be x(1). Let q = w + 31. What is the highest common factor of q and 91?
13
Let d = 23 - -54. What is the greatest common factor of d and 7?
7
Let d be 195 + (1 - -2 - 6). Suppose -2*y + 0*a + 273 = a, -685 = -5*y - 5*a. Let t = d - y. Calculate the highest common divisor of 14 and t.
14
Let j = 157 - 125. What is the greatest common divisor of 112 and j?
16
Let n be 2/(-10) + 936/5. Suppose -25 = -5*u - 0. Suppose -u*c + 89 = 4. What is the greatest common factor of n and c?
17
Suppose o = 1, 0*o - 5*o + 15 = 2*s. Calculate the highest common factor of 3 and s.
1
Suppose 7 = 2*w - 13. Calculate the highest common divisor of w and 15.
5
Suppose -5*y - 1 - 4 = 0. Let k(u) = 20*u**2. Let a be k(y). Calculate the greatest common factor of 30 and a.
10
Suppose 0 = 5*w + 15, t - 2*w - 23 = -0*t. Calculate the highest common factor of 51 and t.
17
Let m = 22 + 41. Calculate the greatest common factor of m and 7.
7
Let g = -3 + 11. Let t = 3 + 5. Calculate the greatest common divisor of g and t.
8
Let s be (-4)/(4 + -2 + -4). Let f be ((-19)/s)/(2/(-4)). Suppose -2*d + 3*y = -184, -2*y = -d + y + 89. Calculate the highest common factor of d and f.
19
Suppose 0 = -2*a + 3*a - 12. Let l = 5 - 3. Suppose 5*t = l*i + 34, -3*i - 5 - 19 = -3*t. What is the highest common divisor of a and t?
6
Let k = -58 + 78. Calculate the highest common factor of k and 160.
20
Let j(s) = -98*s**3 + s**2. Let b be j(-1). What is the greatest common factor of b and 66?
33
Let b(i) = -i + 3. Let r(s) = -s + 2. Let y(a) = -4*b(a) + 3*r(a). Let x be y(16). What is the highest common divisor of 20 and x?
10
Suppose 2*v - v + 8 = 0. Let b = 7 - v. What is the highest common factor of b and 105?
15
Let a be (3*-1)/((-3)/2). What is the greatest common factor of 5 and a?
1
Suppose -8 = -5*w + 7. Let t = 80 - 59. Calculate the highest common factor of t and w.
3
Let u = 431 - 299. What is the greatest common factor of u and 12?
12
Suppose -6*u + u - 4*h = -533, h + 418 = 4*u. Let g be (15*9/(45/14))/1. What is the greatest common factor of g and u?
21
Let d = 39 - 9. Calculate the highest common divisor of d and 20.
10
Let r(v) be the first derivative of -v**4/4 + 3*v**3 - 3*v**2 - 4*v - 5. Let q be r(5). Calculate the greatest common factor of 22 and q.
22
Let m be (0 - -1)/((-4)/(-20)). Suppose 41 + 19 = m*j. Let a be (3 + 1)*(5 + -2). What is the highest common factor of j and a?
12
Let a(h) = -h**3 - 8*h**2 - 8*h - 5. Let j be a(-7). Suppose -f = -19 + j. Calculate the greatest common factor of 68 and f.
17
Let l(a) = a**2 - a + 9. Let t be l(0). Let o(d) = 3*d**2 - 6*d + 9. Let f be o(t). Calculate the greatest common divisor of f and 18.
18
Let m = -28 + 49. What is the highest common factor of 3 and m?
3
Let z = 115 - 52. Let f be 3 + -1 + 128/(-4). Let w = f + z. Calculate the highest common divisor of w and 22.
11
Let t(v) = -v - 3. Let q be t(-4). Let k = q + 3. Calculate the highest common divisor of 2 and k.
2
Let w = 72 + -70. Calculate the highest common factor of w and 1.
1
Let w(m) = -18*m - 8. Let o = 2 - 8. Let a be w(o). Let j be (-10)/(18/(-8) - -2). What is the greatest common divisor of j and a?
20
Let q = 135 - 69. Let l = q - 33. Suppose 3*d - 2*k = 5, -3*d + 6 = 4*k - 11. What is the greatest common factor of d and l?
3
Let z(c) = c**2 - 9*c + 4. Let p be z(9). What is the greatest common factor of p and 10?
2
Let r = -171 - -216. What is the greatest common divisor of r and 36?
9
Suppose -4*t = p - 2*p + 9, 0 = 4*t + 4. Calculate the highest common divisor of p and 35.
5
Suppose -7*c + 111 = -29. What is the highest common divisor of 10 and c?
10
Let a be 1 + 10*(-1)/(-2). Calculate the greatest common divisor of 42 and a.
6
Let l be 67/2 - (-6)/12. Let y be (176/(-6) + 1)*-3. Calculate the highest common divisor of l and y.
17
Let h = 35 - 8. Calculate the greatest common factor of 18 and h.
9
Let j = 59 + -20. Suppose 2*a - 127 = -j. What is the highest common divisor of a and 11?
11
Let z(k) = -k**3 + 2. Let x be ((-4)/(-6))/((-2)/6). Let m be z(x). Suppose 63*c - 3300 = 33*c. What is the greatest common factor of m and c?
10
Let p be (1 + 6/(-4))/((-4)/184). What is the highest common divisor of p and 92?
23
Let o = 23 + -65. Let q = 63 + o. Suppose -4*x = -v - 7*x - 13, -2*v - 5*x = q. Calculate the greatest common factor of v and 5.
1
Let o(i) = i**3 + 16*i**2 - 17*i - 20. Let r be o(-16). What is the highest common divisor of r and 28?
28
Suppose -n + 0*n = -3. Suppose 15 = -9*a + 14*a. What is the highest common factor of a and n?
3
Suppose -4*v + 22 = 2*w, v = 6*v + 20. Let s be 8/6 + (-2)/6. Let n be 0 - s - -1 - -19. What is the highest common factor of w and n?
19
Suppose -4*y + 40 = -0*y. Suppose 0*q = 2*f + q - 10, 0 = -4*f + 2*q + 12. Let t(w) = 7*w + 2. Let x be t(f). Calculate the highest common divisor of x and y.
10
Let j(u) = -u + 8. Let i be 30/3 - 3/1. Let p be j(i). Let m = 2 + -1. What is the highest common factor of m and p?
1
Suppose 0 + 4 = 4*l. Suppose b - 1 - 28 = 0. Let v = b - l. What is the greatest common divisor of v and 7?
7
Suppose -9*m + 21 = -2*m. Suppose h + 5*x - 35 = -3*h, m*h - x - 12 = 0. Calculate the highest common factor of 55 and h.
5
Let j be ((-1)/(-1))/((-3)/6) - -13. What is the greatest common factor of 11 and j?
11
Let n(x) be the second derivative of x**4/6 - 2*x**3/3 + x**2 + 2*x. Let s be n(3). What is the highest common factor of 24 and s?
8
Let m(q) = -17*q + 4. Let c(n) = -4*n + 1. Let x(l) = -22*c(l) + 6*m(l). Let w be x(-2). Suppose w = 3*j - 0. Calculate the highest common divisor of 4 and j.
2
Suppose k + 2 = 3. Let s = 2 - -7. Suppose 3*r - s = -0. Calculate the highest common divisor of r and k.
1
Suppose b - 3 = 2. Let s be 15/3*6/10. Suppose 4*k = -s*t + 2, 2*k + 0*k = 2*t - 6. Calculate the highest common factor of b and t.
1
Let r(x) be the third derivative of 37*x**6/120 + x**4/8 - x**3/3 - x**2. Let j be r(3). Let t be j/7 - 4/(-14). What is the highest common divisor of t and 16?
16
Let k = 133 - 76. Let h(l) = l - 9. Let j be h(-7). Let p = 3 - j. Calculate the highest common factor of k and p.
19
Let k(d) = d**3 - 3*d**2 - 8*d - 5. Let p be k(6). Let c be p/10 + (-1)/2. What is the greatest common factor of 55 and c?
5
Let g(m) = m**3 - m**2 + 8. Let c be g(0). Let d = -35 + 88. Let o = -21 + d. What is the greatest common divisor of c and o?
8
Let s = 10 - -24. Let v(a) = 0*a**2 - a**2 + 27*a**3 + 25*a**3. Let b be v(1). Calculate the greatest common factor of b and s.
17
Let u = -203 - -222. Calculate the highest common factor of u and 57.
19
Let k be ((-76)/7)/(130/35 + -4). Calculate the highest common factor of 190 and k.
38
Let q(s) = -s**2 + 61. Let b be -3*(-2)/3 - 2. Let y be q(b). Let i = y + -33. Calculate the highest common divisor of 7 and i.
7
Suppose 210 = 10*w - 0. What is the greatest common divisor of 21 and w?
21
Let o(x) = -3*x + 9. Let u be o(4). Let i = u - -8. What is the greatest common factor of i and 15?
5
Let p(u) = -u**2 - 6*u + 2. Let t be p(-6). Let h be 168/(-4)*(-1)/3. What is the highest common divisor of t and h?
2
Let j(d) = -5*d + 6. Let t = -11 + 0. Let x(y) = -14*y + 17. Let o(m) = t*j(m) + 4*x(m). Let r be o(1). Calculate the greatest common factor of 1 and r.
1
Suppose 2*w + 36 = 2*h, 4*h - 5*w = -0*w + 74. What is the greatest common divisor of 24 and h?
8
Let l be ((-1)/(2/(-16)))/1. Let q = 10 + 3. Let r(i) = 7*i - 19. Let c be r(q). Calculate the greatest common factor of c and l.
8
Let s(h) = h**3 - h**2 - h + 22. Let n be s(0). Calculate the highest common factor of n and 154.
22
Let m(k) = 14*k. Let v be m(3). What is the highest common factor of v and 7?
7
Suppose 0 = 3*a - 4*a + 12. Let z = a + 4. Calculate the greatest common divisor of z and 80.
16
Suppose 5*v = -10, 4*v - 171 + 9 = -2*n. What is the highest common factor of n 